{"id":41,"date":"2016-03-21T09:10:06","date_gmt":"2016-03-21T09:10:06","guid":{"rendered":"http:\/\/schuetzenverein-kaltenweide.de\/?page_id=41"},"modified":"2026-03-17T21:21:22","modified_gmt":"2026-03-17T20:21:22","slug":"terminplan-in-der-uebersicht","status":"publish","type":"page","link":"https:\/\/www.schuetzenverein-kaltenweide.de\/?page_id=41","title":{"rendered":"Terminplan"},"content":{"rendered":"\n<p><strong>SV Kaltenweide - Terminplan 2026<\/strong><\/p>\n\n\n\n<p>F\u00fcr aktuelle Trainingszeiten schaut gerne auf der Startseite oder sprecht die zust\u00e4ndigen Spartenleiter oder Schie\u00dfsportverantwortlichen direkt an.<\/p>\n\n\n<a href=\"https:\/\/www.schuetzenverein-kaltenweide.de\/wp-content\/uploads\/2026\/03\/Jahresterminplan-2026.pdf\" class=\"pdfemb-viewer\" style=\"\" data-width=\"max\" data-height=\"max\" data-toolbar=\"both\" data-toolbar-fixed=\"on\">Jahresterminplan-2026<\/a>\n\n\n<p><\/p>\n","protected":false},"excerpt":{"rendered":"<p>SV Kaltenweide - Terminplan 2026 F\u00fcr aktuelle Trainingszeiten schaut gerne auf der Startseite oder sprecht die zust\u00e4ndigen Spartenleiter oder Schie\u00dfsportverantwortlichen direkt an.<\/p>\n","protected":false},"author":1,"featured_media":0,"parent":0,"menu_order":8,"comment_status":"closed","ping_status":"closed","template":"","meta":{"footnotes":""},"class_list":["post-41","page","type-page","status-publish","h-entry","hentry","h-as-page"],"jetpack_sharing_enabled":true,"_links":{"self":[{"href":"https:\/\/www.schuetzenverein-kaltenweide.de\/index.php?rest_route=\/wp\/v2\/pages\/41","targetHints":{"allow":["GET"]}}],"collection":[{"href":"https:\/\/www.schuetzenverein-kaltenweide.de\/index.php?rest_route=\/wp\/v2\/pages"}],"about":[{"href":"https:\/\/www.schuetzenverein-kaltenweide.de\/index.php?rest_route=\/wp\/v2\/types\/page"}],"author":[{"embeddable":true,"href":"https:\/\/www.schuetzenverein-kaltenweide.de\/index.php?rest_route=\/wp\/v2\/users\/1"}],"replies":[{"embeddable":true,"href":"https:\/\/www.schuetzenverein-kaltenweide.de\/index.php?rest_route=%2Fwp%2Fv2%2Fcomments&post=41"}],"version-history":[{"count":25,"href":"https:\/\/www.schuetzenverein-kaltenweide.de\/index.php?rest_route=\/wp\/v2\/pages\/41\/revisions"}],"predecessor-version":[{"id":7368,"href":"https:\/\/www.schuetzenverein-kaltenweide.de\/index.php?rest_route=\/wp\/v2\/pages\/41\/revisions\/7368"}],"wp:attachment":[{"href":"https:\/\/www.schuetzenverein-kaltenweide.de\/index.php?rest_route=%2Fwp%2Fv2%2Fmedia&parent=41"}],"curies":[{"name":"wp","href":"https:\/\/api.w.org\/{rel}","templated":true}]}}