{"id":23,"date":"2016-03-21T09:07:43","date_gmt":"2016-03-21T09:07:43","guid":{"rendered":"http:\/\/schuetzenverein-kaltenweide.de\/?page_id=23"},"modified":"2025-05-26T14:12:39","modified_gmt":"2025-05-26T12:12:39","slug":"foerderer","status":"publish","type":"page","link":"https:\/\/www.schuetzenverein-kaltenweide.de\/?page_id=23","title":{"rendered":"F\u00f6rderer"},"content":{"rendered":"<p style=\"text-align: left;\">Der Sch\u00fctzenverein Kaltenweide von 1903 e.V. bedankt sich bei allen F\u00f6rderern und Werbepartnern f\u00fcr die Unterst\u00fctzung:<\/p>\n<table class=\"x_MsoNormalTable\" border=\"0\" width=\"971\" cellspacing=\"0\" cellpadding=\"0\">\n<tbody>\n<tr>\n<td width=\"289\">\n<p class=\"x_MsoNormal\"><b>Name<\/b><b><\/b><\/p>\n<\/td>\n<td width=\"213\">\n<p class=\"x_MsoNormal\"><b>Verlinkung<\/b><b><\/b><\/p>\n<\/td>\n<td width=\"468\">\n<p class=\"x_MsoNormal\"><b>Adresse<\/b><b><\/b><\/p>\n<\/td>\n<\/tr>\n<tr>\n<td width=\"289\">\n<p class=\"x_MsoNormal\">bauspezi<\/p>\n<\/td>\n<td width=\"213\">\n<p class=\"x_MsoNormal\"><u><a href=\"http:\/\/www.marks-baustoffe.de\/\" data-auth=\"NotApplicable\" data-linkindex=\"1\">www.marks-baustoffe.de<\/a><\/u><\/p>\n<\/td>\n<td nowrap=\"nowrap\" width=\"468\">\n<p class=\"x_MsoNormal\">Erich Marks Baustoffhandel GmbH<br \/>Johannisgraben 2<br \/>30900 Wedemark<\/p>\n<\/td>\n<\/tr>\n<tr>\n<td width=\"289\">\n<p class=\"x_MsoNormal\">Autohaus Beer &amp; Sokolowsky<\/p>\n<\/td>\n<td valign=\"bottom\" nowrap=\"nowrap\" width=\"213\">\n<p class=\"x_MsoNormal\"><u><a href=\"http:\/\/www.opel-langenhagen.de\/\" data-auth=\"NotApplicable\" data-linkindex=\"2\">www.opel-langenhagen.de<\/a><\/u><\/p>\n<\/td>\n<td nowrap=\"nowrap\" width=\"468\">\n<p class=\"x_MsoNormal\">Grenzheide 50, 30853 Langenhagen<\/p>\n<\/td>\n<\/tr>\n<tr>\n<td width=\"289\">\n<p class=\"x_MsoNormal\">da Luca<\/p>\n<\/td>\n<td valign=\"bottom\" nowrap=\"nowrap\" width=\"213\">\n<p class=\"x_MsoNormal\"><u><a href=\"http:\/\/www.da-luca.eu\/\" data-auth=\"NotApplicable\" data-linkindex=\"3\">www.da-luca.eu<\/a><\/u><\/p>\n<\/td>\n<td nowrap=\"nowrap\" width=\"468\">\n<p class=\"x_MsoNormal\">Am Weiherfeld 1, 30855 Langenhagen<\/p>\n<\/td>\n<\/tr>\n<tr>\n<td width=\"289\">\n<p class=\"x_MsoNormal\">DEVK J\u00f6rg Engel<\/p>\n<\/td>\n<td width=\"213\">\n<p class=\"x_MsoNormal\" style=\"text-align: left;\" align=\"center\"><u>www.devk-Kaltenweide.de<\/u><\/p>\n<\/td>\n<td nowrap=\"nowrap\" width=\"468\">\n<p class=\"x_MsoNormal\">Kananoher Stra\u00dfe 25, 30855 Lgh<\/p>\n<\/td>\n<\/tr>\n<tr>\n<td width=\"289\">\n<p class=\"x_MsoNormal\">Bestattungsinstitut R. Eggers<\/p>\n<\/td>\n<td valign=\"bottom\" nowrap=\"nowrap\" width=\"213\">\n<p class=\"x_MsoNormal\"><u><a href=\"http:\/\/www.eggers-bestattungen.de\/\" data-auth=\"NotApplicable\" data-linkindex=\"4\">www.eggers-bestattungen.de<\/a><\/u><\/p>\n<\/td>\n<td nowrap=\"nowrap\" width=\"468\">\n<p class=\"x_MsoNormal\">Niedersachsenstra\u00dfe 2, 30853 Langenhagen<\/p>\n<\/td>\n<\/tr>\n<tr>\n<td width=\"289\">\n<p class=\"x_MsoNormal\">FBT Fertigbeton<\/p>\n<\/td>\n<td valign=\"bottom\" nowrap=\"nowrap\" width=\"213\">\n<p class=\"x_MsoNormal\"><u><a href=\"http:\/\/www.fbt-fertigbeton.de\" data-auth=\"NotApplicable\" data-linkindex=\"5\">www.fbt-fertigbeton.de<\/a><\/u><\/p>\n<\/td>\n<td nowrap=\"nowrap\" width=\"468\">\n<p class=\"x_MsoNormal\">Kiebitzkrug 12, 30855 Langenhagen<\/p>\n<\/td>\n<\/tr>\n<tr>\n<td width=\"289\">\n<p class=\"x_MsoNormal\">G\u00e4rtnerei Ehlers<\/p>\n<\/td>\n<td valign=\"bottom\" nowrap=\"nowrap\" width=\"213\">\n<p class=\"x_MsoNormal\"><u><a href=\"http:\/\/www.ehlers-gartenbau.de\" data-auth=\"NotApplicable\" data-linkindex=\"5\">www.ehlers-gartenbau.de<\/a><\/u><\/p>\n<\/td>\n<td nowrap=\"nowrap\" width=\"468\">\n<p class=\"x_MsoNormal\">Imhoffstr. 17A, 30853 Langenhagen<\/p>\n<\/td>\n<\/tr>\n<tr>\n<td width=\"289\">\n<p class=\"x_MsoNormal\">Guder Immobilien Service<\/p>\n<\/td>\n<td valign=\"bottom\" nowrap=\"nowrap\" width=\"213\">\n<p class=\"x_MsoNormal\"><u><a href=\"http:\/\/www.guder-immobilien-service.de\" data-auth=\"NotApplicable\" data-linkindex=\"5\">www.guder-immobilien-service.de<\/a><\/u><\/p>\n<\/td>\n<td nowrap=\"nowrap\" width=\"468\">\n<p class=\"x_MsoNormal\">Kananoher Str. 10, 30855 Langenhagen<\/p>\n<\/td>\n<\/tr>\n<tr>\n<td width=\"289\">\n<p class=\"x_MsoNormal\">Hosenfachmann.de Fabian Trage<\/p>\n<\/td>\n<td valign=\"bottom\" nowrap=\"nowrap\" width=\"213\">\n<p class=\"x_MsoNormal\"><u><a href=\"http:\/\/www.hosenfachmann.de\/\" data-auth=\"NotApplicable\" data-linkindex=\"6\">www.hosenfachmann.de<\/a><\/u><\/p>\n<\/td>\n<td nowrap=\"nowrap\" width=\"468\">\n<p class=\"x_MsoNormal\">Am Osterberg 15A, 30855 Langenhagen<\/p>\n<\/td>\n<\/tr>\n<tr>\n<td width=\"289\">\n<p class=\"x_MsoNormal\">Kode Insektenschutz<\/p>\n<\/td>\n<td valign=\"bottom\" nowrap=\"nowrap\" width=\"213\">\n<p class=\"x_MsoNormal\"><u><a href=\"http:\/\/www.kode-insektenschutz.de\/\" data-auth=\"NotApplicable\" data-linkindex=\"8\">www.kode-insektenschutz.de<\/a><\/u><\/p>\n<\/td>\n<td nowrap=\"nowrap\" width=\"468\">\n<p class=\"x_MsoNormal\">Kananoher Stra\u00dfe 32, 30855 Langenhagen<\/p>\n<\/td>\n<\/tr>\n<tr>\n<td width=\"289\">\n<p class=\"x_MsoNormal\">Komarek Sanit\u00e4r-und Heizungtechnik<\/p>\n<\/td>\n<td valign=\"bottom\" nowrap=\"nowrap\" width=\"213\">\n<p class=\"x_MsoNormal\"><u><a href=\"http:\/\/www.komarek-haustechnik.de\/\" data-auth=\"NotApplicable\" data-linkindex=\"9\">www.komarek-haustechnik.de<\/a><\/u><\/p>\n<\/td>\n<td nowrap=\"nowrap\" width=\"468\">\n<p class=\"x_MsoNormal\">Beneckeallee 30, 30419 Hannover<\/p>\n<\/td>\n<\/tr>\n<tr>\n<td width=\"289\">\n<p class=\"x_MsoNormal\">Langenhagen lacht! e.V.<\/p>\n<\/td>\n<td valign=\"bottom\" nowrap=\"nowrap\" width=\"213\">\n<p class=\"x_MsoNormal\"><u><a href=\"http:\/\/langenhagenlacht.com\" data-auth=\"NotApplicable\" data-linkindex=\"10\">www.langenhagenlacht.com<\/a><\/u><\/p>\n<\/td>\n<td nowrap=\"nowrap\" width=\"468\">\n<p class=\"x_MsoNormal\">Kananoher Str. 24, 30855 Langenhagen<\/p>\n<\/td>\n<\/tr>\n<tr>\n<td width=\"289\">\n<p class=\"x_MsoNormal\">Mobile Saftmacherei<\/p>\n<\/td>\n<td valign=\"bottom\" nowrap=\"nowrap\" width=\"213\">\n<p class=\"x_MsoNormal\"><u><a href=\"http:\/\/www.mobile-saftmacherei.de\/\" data-auth=\"NotApplicable\" data-linkindex=\"11\">www.mobile-saftmacherei.de<\/a><\/u><\/p>\n<\/td>\n<td nowrap=\"nowrap\" width=\"468\">\n<p class=\"x_MsoNormal\">Wohldamm 1, 30855 Langenhagen<\/p>\n<\/td>\n<\/tr>\n<tr>\n<td width=\"289\">\n<p class=\"x_MsoNormal\">Naethe Bestattungen<\/p>\n<\/td>\n<td valign=\"bottom\" nowrap=\"nowrap\" width=\"213\">\n<p class=\"x_MsoNormal\"><u><a href=\"http:\/\/www.naethe-bestattungen.de\/\" data-auth=\"NotApplicable\" data-linkindex=\"12\">www.naethe-bestattungen.de<\/a><\/u><\/p>\n<\/td>\n<td nowrap=\"nowrap\" width=\"468\">\n<p class=\"x_MsoNormal\">Walsroder Stra\u00dfe 89, 30853 Langenhagen<\/p>\n<\/td>\n<\/tr>\n<tr>\n<td width=\"289\">\n<p class=\"x_MsoNormal\">oliven apotheke<\/p>\n<\/td>\n<td valign=\"bottom\" nowrap=\"nowrap\" width=\"213\">\n<p class=\"x_MsoNormal\"><u><a href=\"http:\/\/www.oliven-apotheke.com\/\" data-auth=\"NotApplicable\" data-linkindex=\"13\">www.oliven-apotheke.com<\/a><\/u><\/p>\n<\/td>\n<td valign=\"bottom\" nowrap=\"nowrap\" width=\"468\">\n<p class=\"x_MsoNormal\">Bertha-von-Suttner-ring 3, 30855 Langenhagen<\/p>\n<\/td>\n<\/tr>\n<tr>\n<td width=\"289\">\n<p class=\"x_MsoNormal\">Privatbrauerei Herrenhausen GmbH<\/p>\n<\/td>\n<td valign=\"bottom\" nowrap=\"nowrap\" width=\"213\">\n<p class=\"x_MsoNormal\"><u><a href=\"http:\/\/www.herrenhaeuser.de\/\" data-auth=\"NotApplicable\" data-linkindex=\"14\">www.herrenhaeuser.de<\/a><\/u><\/p>\n<\/td>\n<td nowrap=\"nowrap\" width=\"468\">\n<p class=\"x_MsoNormal\">Herrenh\u00e4user Stra\u00dfe 83-99, 30419 Hannover<\/p>\n<\/td>\n<\/tr>\n<tr>\n<td width=\"289\">\n<p class=\"x_MsoNormal\">Ranzenmaxx Langenhagen<\/p>\n<\/td>\n<td valign=\"bottom\" nowrap=\"nowrap\" width=\"213\">\n<p class=\"x_MsoNormal\"><u><a href=\"http:\/\/www.ranzenmaxx.de\/\" data-auth=\"NotApplicable\" data-linkindex=\"15\">www.ranzenmaxx.de<\/a><\/u><\/p>\n<\/td>\n<td nowrap=\"nowrap\" width=\"468\">\n<p class=\"x_MsoNormal\">Petra Bohn, Walsroder Stra\u00dfe 78, 30853 Langenhagen<\/p>\n<\/td>\n<\/tr>\n<tr>\n<td width=\"289\">\n<p class=\"x_MsoNormal\">Rotermund Hofladen<\/p>\n<\/td>\n<td valign=\"bottom\" nowrap=\"nowrap\" width=\"213\">\n<p class=\"x_MsoNormal\"><u><a href=\"http:\/\/www.hofladen-rotermund.de\/\" data-auth=\"NotApplicable\" data-linkindex=\"16\">www.hofladen-rotermund.de<\/a><\/u><\/p>\n<\/td>\n<td nowrap=\"nowrap\" width=\"468\">\n<p class=\"x_MsoNormal\">Henning Rotermund, Am Weiherfeld 5, 30855 Lgh<\/p>\n<\/td>\n<\/tr>\n<tr>\n<td width=\"289\">\n<p class=\"x_MsoNormal\">Siebert\u00b4s Holzkiste<\/p>\n<\/td>\n<td width=\"213\">\n<p class=\"x_MsoNormal\" style=\"text-align: left;\" align=\"center\"><u><a href=\"http:\/\/www.sieberts-holzkiste.de\/\" data-auth=\"NotApplicable\" data-linkindex=\"17\">www.sieberts-holzkiste.de<\/a><\/u><\/p>\n<\/td>\n<td nowrap=\"nowrap\" width=\"468\">\n<p class=\"x_MsoNormal\">Thomas Siebert, Allensteiner Stra\u00dfe 5, 30855 Langenhagen<\/p>\n<\/td>\n<\/tr>\n<tr>\n<td width=\"289\">\n<p class=\"x_MsoNormal\">Tischlerei Bohne GmbH<\/p>\n<\/td>\n<td valign=\"bottom\" nowrap=\"nowrap\" width=\"213\">\n<p class=\"x_MsoNormal\"><u><a href=\"http:\/\/www.bohne-tischlerei.de\/\" data-auth=\"NotApplicable\" data-linkindex=\"19\">www.bohne-tischlerei.de<\/a><\/u><\/p>\n<\/td>\n<td nowrap=\"nowrap\" width=\"468\">\n<p class=\"x_MsoNormal\">Walsroder Stra\u00dfe 332, 30855 Langenhagen<\/p>\n<\/td>\n<\/tr>\n<tr>\n<td style=\"text-align: left;\" width=\"289\">\n<p class=\"x_MsoNormal\">Zahnarztpraxis Kaltenweide<\/p>\n<\/td>\n<td valign=\"bottom\" nowrap=\"nowrap\" width=\"213\">\n<p class=\"x_MsoNormal\" style=\"text-align: left;\"><u><a href=\"http:\/\/www.zahnarzt-kaltenweide.de\/\" data-auth=\"NotApplicable\" data-linkindex=\"22\">www.zahnarzt-kaltenweide.de<\/a><\/u><\/p>\n<\/td>\n<td nowrap=\"nowrap\" width=\"468\">\n<p>\u00a0<\/p>\n<p class=\"x_MsoNormal\">Dr. J\u00f6rg Riechers &amp; Mira B\u00f6ttcher, Kananoher Stra\u00dfe 5, 30855 Langenhagen<\/p>\n<\/td>\n<\/tr>\n<\/tbody>\n<\/table>\n\n\n<p><\/p>\n","protected":false},"excerpt":{"rendered":"<p>Der Sch\u00fctzenverein Kaltenweide von 1903 e.V. bedankt sich bei allen F\u00f6rderern und Werbepartnern f\u00fcr die Unterst\u00fctzung: Name Verlinkung Adresse bauspezi www.marks-baustoffe.de Erich Marks Baustoffhandel GmbHJohannisgraben 230900 Wedemark Autohaus Beer &amp; Sokolowsky www.opel-langenhagen.de Grenzheide 50, 30853 Langenhagen da Luca www.da-luca.eu Am Weiherfeld 1, 30855 Langenhagen DEVK J\u00f6rg Engel www.devk-Kaltenweide.de Kananoher Stra\u00dfe 25, 30855 Lgh Bestattungsinstitut R. <a href=\"https:\/\/www.schuetzenverein-kaltenweide.de\/?page_id=23\" class=\"more-link\">...weiterlesen<span class=\"screen-reader-text\"> \"F\u00f6rderer\"<\/span><\/a><\/p>\n","protected":false},"author":1,"featured_media":0,"parent":551,"menu_order":4,"comment_status":"closed","ping_status":"closed","template":"","meta":{"footnotes":""},"class_list":["post-23","page","type-page","status-publish","h-entry","hentry","h-as-page"],"jetpack_sharing_enabled":true,"_links":{"self":[{"href":"https:\/\/www.schuetzenverein-kaltenweide.de\/index.php?rest_route=\/wp\/v2\/pages\/23","targetHints":{"allow":["GET"]}}],"collection":[{"href":"https:\/\/www.schuetzenverein-kaltenweide.de\/index.php?rest_route=\/wp\/v2\/pages"}],"about":[{"href":"https:\/\/www.schuetzenverein-kaltenweide.de\/index.php?rest_route=\/wp\/v2\/types\/page"}],"author":[{"embeddable":true,"href":"https:\/\/www.schuetzenverein-kaltenweide.de\/index.php?rest_route=\/wp\/v2\/users\/1"}],"replies":[{"embeddable":true,"href":"https:\/\/www.schuetzenverein-kaltenweide.de\/index.php?rest_route=%2Fwp%2Fv2%2Fcomments&post=23"}],"version-history":[{"count":3,"href":"https:\/\/www.schuetzenverein-kaltenweide.de\/index.php?rest_route=\/wp\/v2\/pages\/23\/revisions"}],"predecessor-version":[{"id":6953,"href":"https:\/\/www.schuetzenverein-kaltenweide.de\/index.php?rest_route=\/wp\/v2\/pages\/23\/revisions\/6953"}],"up":[{"embeddable":true,"href":"https:\/\/www.schuetzenverein-kaltenweide.de\/index.php?rest_route=\/wp\/v2\/pages\/551"}],"wp:attachment":[{"href":"https:\/\/www.schuetzenverein-kaltenweide.de\/index.php?rest_route=%2Fwp%2Fv2%2Fmedia&parent=23"}],"curies":[{"name":"wp","href":"https:\/\/api.w.org\/{rel}","templated":true}]}}